ctor of d and 13.
13
Suppose -p + 2344 = -3*f, p + 954 = 4*f + 4081. Let x = -535 - f. Suppose x + 172 = 3*r. Calculate the highest common divisor of 20 and r.
20
Let v(t) = t**3 - 21*t**2 - 19*t - 47. Let p be v(22). Calculate the highest common divisor of p and 152.
19
Suppose 4 = 2*q - 24. Let b be 8/48 + (-167)/(-6). What is the highest common factor of q and b?
14
Let v be (-4 + 1)*10/(-3). Let o be 7/1*2 + -4. What is the greatest common factor of v and o?
10
Let t(h) = -19*h**3 + h + 1. Let s be t(-1). What is the greatest common factor of 133 and s?
19
Suppose -5*o + 10 = -3*x, -2*x - 5*o = -4*x - 10. Suppose 2*w - 82 + 18 = x. Calculate the highest common factor of w and 16.
16
Let g = -120 - -228. Suppose 24 = 3*i - 8*p + 4*p, -15 = -5*p. What is the highest common factor of i and g?
12
Let w be ((-112)/(-5))/((-4)/(-60)*3). Calculate the greatest common factor of 84 and w.
28
Suppose 5*v + 2*u = 19, -9 - 8 = -4*v - u. Suppose 3*x = -0*x + 5*g + 105, 0 = v*x - 3*g - 175. Calculate the highest common factor of 5 and x.
5
Let n(s) = -s**3 + 14*s**2 - 9*s - 30. Let m be n(13). Calculate the highest common divisor of 2 and m.
2
Suppose -16 = 4*t + 2*v - 104, -5*t + v + 103 = 0. Calculate the highest common divisor of 3 and t.
3
Let n = 32 + -23. Calculate the highest common divisor of n and 18.
9
Let d be 2 + 2 + -4 + 3 + 31. Calculate the highest common divisor of 85 and d.
17
Let f be ((-4)/(-10))/((-2)/(-5)). What is the greatest common factor of 5 and f?
1
Suppose -3 = -l - 3*c - 0, 5*l - 5*c = 95. Suppose -3*t - 3*n + 45 = 0, -t + 2*n + l = 4*n. What is the highest common divisor of t and 15?
15
Suppose 4*a = -0*a - 2*p + 810, -2*a = -2*p - 414. What is the greatest common factor of 12 and a?
12
Let j(i) = i**3 + 6*i**2 - 7*i + 9. Let h be j(-7). What is the highest common divisor of h and 9?
9
Let m = 108 + -80. Calculate the greatest common divisor of m and 224.
28
Suppose -47 = -2*j - f, -23 = -4*j - 5*f + 56. Suppose -3*h = 33 - 150. Calculate the highest common factor of j and h.
13
Let c be (-2)/(2*(-1)/23). What is the greatest common divisor of c and 184?
23
Let f = 57 - 37. Let w(p) = 179*p**3 - 2*p**2 + 7*p - 4. Let r be w(1). What is the greatest common divisor of f and r?
20
Suppose -2*u + 1 = -5. Let x be u - (2 + -48 + 1). Calculate the highest common factor of x and 6.
6
Suppose 0*x + 740 = 5*v + x, 0 = -4*v - 2*x + 598. Calculate the greatest common factor of v and 21.
21
Suppose 2*y = -5*o + 97, -2*o - o = 4*y - 47. What is the highest common factor of 105 and o?
21
Let p be 3033/54 + -2*(-2)/(-24). What is the greatest common factor of 8 and p?
8
Suppose 2*y + 2*g = -4 + 18, g = 4*y - 3. Let x be -4*y/(24/27). Let w = -3 - x. Calculate the greatest common factor of w and 15.
3
Let w(n) = 4 - n + n**2 - 3*n + 0*n**2. Let s be w(7). What is the highest common factor of s and 25?
25
Let s = 28 - 23. Suppose -2*d + 92 = -4*w, 0 = 2*d + w + 2*w - 71. Calculate the greatest common factor of s and d.
5
Let i = -16 + 28. Let f = -6 + i. Let u be (-2 - -3) + 8 + 0. What is the highest common factor of f and u?
3
Suppose -3*h + 20 = 2*x - x, -4*x - 11 = -h. What is the highest common factor of h and 2?
1
Let r = -32 + 42. Calculate the highest common factor of 90 and r.
10
Suppose 3*h = 4*h - 4*n - 6, -2*h + 4*n + 16 = 0. Let a = h + -7. Suppose 22 = 4*k + 2, -3*y + 11 = -5*k. What is the greatest common divisor of a and y?
3
Let z(q) be the first derivative of 2*q**3/3 + q**2 - 3*q - 2. Let o = 5 - 3. Let t be z(o). What is the highest common factor of 99 and t?
9
Let i(m) = 6*m**2 - 3*m. Let j be i(2). Suppose -b + 3 = -1. Suppose 12 = -4*h - b, n - 3*h = j. Calculate the highest common divisor of n and 12.
6
Let r(h) = -h. Let c be r(-3). Suppose -c*v + 6*v - 3 = -3*n, 7 = -3*n - 5*v. Calculate the highest common divisor of 4 and n.
2
Suppose -5*t + 82 = -23. What is the greatest common factor of t and 14?
7
Suppose -2*u + 0*u = -40. Suppose 5*i + 0*i = u. Calculate the highest common divisor of i and 32.
4
Suppose 0*k - 63 = 3*k. Let a be 33/7 + (-6)/k. What is the greatest common divisor of a and 2?
1
Suppose -5*j + f + 398 = -f, -395 = -5*j + 5*f. Suppose 0 = -4*h - h - 20, -m + 4*h + 50 = 0. Let s = -18 + m. What is the highest common factor of s and j?
16
Let s(d) = -d**3 - 6*d**2 + 3*d + 2. Let n be s(-7). What is the greatest common divisor of 6 and n?
6
Suppose 0 = 5*j - 5 - 15. Let s be (6/(-5))/(3/(-10)). Let y be (-14)/7*-2*s. What is the highest common factor of y and j?
4
Suppose -1282 + 40 = -6*c. Calculate the highest common divisor of 23 and c.
23
Let h be 11/(-2)*(-6 + (-6 - 2)). Calculate the greatest common factor of h and 22.
11
Let k = 9 + -6. Suppose -k*o + 8 = -7. Calculate the highest common divisor of 45 and o.
5
Suppose 259 = 5*x - 21. What is the highest common factor of 7 and x?
7
Suppose 2*j - 5*j = 0. Suppose 2*y - 4 - 24 = j. Suppose -4*s - y = -114. Calculate the greatest common divisor of s and 5.
5
Let n be (-7)/35 + 282/10. Let x be 2 - (n/(-2) - 0). What is the greatest common divisor of 8 and x?
8
Suppose -4*g + 4 = -3*g. Let h be (-6)/4*g/(-2). Suppose x + 28 = h*x. Calculate the highest common divisor of 14 and x.
14
Let d be (6/(-8))/(2/(-80)). Let l = -37 - -50. Let a be l + (3 + 0)*-1. What is the highest common divisor of a and d?
10
Let b(i) = -38*i - 2. Let u be b(-5). Suppose -a = 5*k - u, 122 = 4*k - k - 4*a. Calculate the highest common factor of k and 95.
19
Suppose 0 = 2*l - l. Let r be 1 + l - 7/1. Let j = 8 + r. What is the greatest common divisor of j and 14?
2
Suppose 5*m + v = 82, -2*v - 34 = -2*m - 3*v. Let l(u) = -111*u**3 + u**2 + u + 1. Let k be l(-1). What is the greatest common divisor of m and k?
16
Let l be 49 - (1 + 0/(-1)). Suppose w - 6 = -0. Calculate the greatest common divisor of l and w.
6
Let p = -7 + 18. Suppose -v + p = -0*v. What is the highest common factor of 77 and v?
11
Let n be -74*3/6*-1. What is the highest common factor of n and 111?
37
Let r = 146 - 134. Suppose 3*a - 59 = 31. Calculate the highest common divisor of a and r.
6
Let u(l) = l. Let x be u(1). Suppose -4*o = -3*o - 26. Let p = -25 + o. What is the highest common divisor of x and p?
1
Suppose -4*v + 87 + 173 = 0. Let h = -5 + 18. Calculate the highest common factor of v and h.
13
Let n be (-4)/(-14) + 1520/70. Suppose -3*u = 130 - 724. What is the highest common factor of u and n?
22
Suppose -3*y + 33 = 2*s, 2*s + s + 2*y - 62 = 0. Suppose 2*r + 4 = 5*t + 1, t - 15 = -2*r. Calculate the greatest common factor of r and s.
6
Suppose -2*n + 2 = -n. Let h = 16 + -6. Suppose n*o = o + h. Calculate the greatest common factor of 50 and o.
10
Let z = 94 - 59. Suppose -4*p = -1 - z. What is the greatest common factor of 1 and p?
1
Suppose 4*d + 5*x - 13 = 4*x, -d = -3*x. Let g(l) = l + 3. Let c be g(0). What is the greatest common divisor of d and c?
3
Let p be (244 - 2)/(-6 - -8). Calculate the greatest common divisor of 11 and p.
11
Suppose 4*l + 10 = -2*z + 4*z, -2*l = -5*z + 25. Suppose -15 = -l*v - 5*v. What is the highest common divisor of 24 and v?
3
Suppose 1 = -3*a + 2*a. Let q be (20 - 5)/(a - -2). Suppose -5*n + 12 + 3 = 0. Calculate the greatest common divisor of q and n.
3
Let f be (-3)/6*-6 + 71. Calculate the highest common divisor of 111 and f.
37
Suppose 0 = -d - 5 - 4. Let y = 13 + d. Calculate the greatest common divisor of 12 and y.
4
Suppose -5*r = 10, 0 = 2*f - r - 2*r - 146. Suppose 0 = 4*h - 0*h - 72. Let z = h + -8. What is the greatest common factor of z and f?
10
Suppose 107*x = 111*x - 880. Calculate the highest common factor of 44 and x.
44
Let q(k) = 2*k**2 + 2*k - 1. Let g be q(1). Let l = g - -30. What is the highest common divisor of l and 22?
11
Let s(k) = 30*k**3 + k**2 - 1. Let h(r) = -2*r - 1. Let a be h(-1). Let x be s(a). Let p = -18 + x. Calculate the highest common divisor of p and 4.
4
Let s be ((-2)/4)/(-1)*(-1 + 19). What is the highest common divisor of s and 2?
1
Let i = 4 + -4. Suppose -5*s + y = -100, i = s + 3*y - 3 - 1. What is the highest common factor of s and 57?
19
Let n(u) = -u**3 - 8*u**2 + 16*u - 8. Let m be n(-10). What is the greatest common divisor of 8 and m?
8
Let z(f) = 12*f + 2. Let x be z(-2). Let s = -7 - x. Let o(g) =